{"id":4,"date":"2013-04-03T08:50:57","date_gmt":"2013-04-03T08:50:57","guid":{"rendered":"http:\/\/localhost\/bombeiros\/?page_id=4"},"modified":"2013-09-26T10:46:43","modified_gmt":"2013-09-26T10:46:43","slug":"historia","status":"publish","type":"page","link":"http:\/\/www.bombeirosvaledecambra.pt\/?page_id=4","title":{"rendered":"Hist\u00f3ria"},"content":{"rendered":"<p><iframe loading=\"lazy\" src=\"https:\/\/docs.google.com\/file\/d\/0B9BvveBcfxnKbGZTUHZoLUlMNjA\/preview\" width=\"640\" height=\"385\"><\/iframe><\/p>\n<p>O Corpo de Bombeiros \u00e9 formado ap\u00f3s a funda\u00e7\u00e3o da Associa\u00e7\u00e3o a 06 de Janeiro de 1960, a primeira Escola de Bombeiros \u00e9 formada por 22 Jovens Vale-Cambrenses, e para a qual veio o Instrutor Chefe Guilherme, dos Bombeiros de Oliveira de Azemeis, para dar instru\u00e7\u00e3o ao futuro corpo de Bombeiros de Vale de Cambra.<\/p>\n<p>Em 1960 tem como seu 1\u00ba Comandante o Dr. Armindo Ferreira Matos, o mesmo comandou o Corpo de Bombeiros at\u00e9 ao ano de 1972, ap\u00f3s a sua morte \u00e9 nomeado para comandante o Dr. Antonio Jose Tavares Prado e Castro, que se manteve em fun\u00e7\u00f5es at\u00e9 ao ano de 1973, pois o mesmo encontrava se em regime de substitui\u00e7\u00e3o.<\/p>\n<p>Nesse ano de 1973 \u00e9 nomeado para comandante o Comandante Armindo da Silva Ferreira de Matos, mantendo se sozinho no Comando do Corpo de Bombeiros, at\u00e9 que em 1977 \u00e9 nomeado para seu ajudante o Jos\u00e9 Augusto de Almeida, Sub- Chefe do Corpo de Bombeiros e Homem que foi da Primeira Escola.<br \/>\nEsta equipa de comando manteve se at\u00e9 1985, ano em que \u00e9 nomeado para 2\u00ba Comandante Virg\u00edlio Nabais da Cunha, motorista que era do Quadro Auxiliar, passando o Comando a contar com 3 Elementos, Comandante, 2\u00ba Comandante e ajudante do Comando.<\/p>\n<p><img loading=\"lazy\" class=\"alignnone size-full wp-image-142\" alt=\"historia\" src=\"http:\/\/www.joaomiller.com\/bombeiros\/wp-content\/uploads\/2013\/04\/historia1.jpg\" width=\"600\" height=\"373\" srcset=\"http:\/\/www.bombeirosvaledecambra.pt\/wp-content\/uploads\/2013\/04\/historia1.jpg 768w, http:\/\/www.bombeirosvaledecambra.pt\/wp-content\/uploads\/2013\/04\/historia1-300x187.jpg 300w\" sizes=\"(max-width: 600px) 100vw, 600px\" \/><\/p>\n<p>Comando que se manteve at\u00e9 ao ano de 1990, saindo o Comandante Armindo da Silva Ferreira de Matos e sendo nomeado para Comandante Virg\u00edlio Navais da Cunha o 2\u00ba Comandante Jos\u00e9 Augusto de Almeida e para Ajudante Augusto de Almeida Ferreira, Chefe do Quadro Ativo do Corpo de Bombeiros.<\/p>\n<p>Em 1995 com a sa\u00edda do Comandante Virg\u00edlio Nabais da Cunha \u00e9 nomeado de novo o Comandante Armindo da Silva Ferreira de Matos para os destinos do Corpo de Bombeiros de Vale de Cambra, este manteve se em fun\u00e7\u00f5es at\u00e9 ao ano de 1997.<\/p>\n<p>Apos a sua morte, \u00e9 nomeado o Comandante Armando Barbosa de Almeida, Bombeiro de 2\u00ba Classe, que era do Corpo Ativo tendo como 2\u00aa Comandante Jos\u00e9 augusto de Almeida e o Ajudante Augusto de Almeida Ferreira, Comando que liderou os destinos at\u00e9 ao ano de 2001.<br \/>\nNesse ano com as altera\u00e7\u00f5es introduzidas pelo Servi\u00e7o Nacional de Bombeiros, o Comando passa a contar com 4 elementos mantendo se o Comandante Armando Barbosa de Almeida o 2\u00ba Comandante Jos\u00e9 Augusto de Almeida e sendo nomeados para Adjuntos do Comando o Bombeiro de 1\u00aa Classe Victor Manuel Machado Ferreira e o Bombeiro de 2\u00ba Classe Filipe Jos\u00e9 Gomes de Aguiar.<\/p>\n<p>Comando que em 2009, com a sa\u00edda do Comandante Armando Barbosa de Almeida e a passagem do 2\u00ba Comandante ao Quadro de Honra, \u00e9 nomeado o Comando atual, sendo o Comandante Victor Manuel Machado Ferreira o 2\u00ba Comandante Filipe Jos\u00e9 Gomes de Aguiar e os Adjuntos do Comando Paulo Rui Almeida Gon\u00e7alves, Bombeiro de 1\u00aa Classe e Filipe Nuno dos Santos Martins Bombeiro de 2\u00aa Classe deste Corpo de Bombeiros.<\/p>\n","protected":false},"excerpt":{"rendered":"<p>O Corpo de Bombeiros \u00e9 formado ap\u00f3s a funda\u00e7\u00e3o da Associa\u00e7\u00e3o a 06 de Janeiro de 1960, a primeira Escola de Bombeiros \u00e9 formada por 22 Jovens Vale-Cambrenses, e para a qual veio o Instrutor Chefe Guilherme, dos Bombeiros de Oliveira de Azemeis, para dar instru\u00e7\u00e3o ao futuro corpo de Bombeiros de Vale de Cambra. [&hellip;]<\/p>\n","protected":false},"author":4,"featured_media":0,"parent":0,"menu_order":0,"comment_status":"open","ping_status":"open","template":"","meta":[],"_links":{"self":[{"href":"http:\/\/www.bombeirosvaledecambra.pt\/index.php?rest_route=\/wp\/v2\/pages\/4"}],"collection":[{"href":"http:\/\/www.bombeirosvaledecambra.pt\/index.php?rest_route=\/wp\/v2\/pages"}],"about":[{"href":"http:\/\/www.bombeirosvaledecambra.pt\/index.php?rest_route=\/wp\/v2\/types\/page"}],"author":[{"embeddable":true,"href":"http:\/\/www.bombeirosvaledecambra.pt\/index.php?rest_route=\/wp\/v2\/users\/4"}],"replies":[{"embeddable":true,"href":"http:\/\/www.bombeirosvaledecambra.pt\/index.php?rest_route=%2Fwp%2Fv2%2Fcomments&post=4"}],"version-history":[{"count":15,"href":"http:\/\/www.bombeirosvaledecambra.pt\/index.php?rest_route=\/wp\/v2\/pages\/4\/revisions"}],"predecessor-version":[{"id":405,"href":"http:\/\/www.bombeirosvaledecambra.pt\/index.php?rest_route=\/wp\/v2\/pages\/4\/revisions\/405"}],"wp:attachment":[{"href":"http:\/\/www.bombeirosvaledecambra.pt\/index.php?rest_route=%2Fwp%2Fv2%2Fmedia&parent=4"}],"curies":[{"name":"wp","href":"https:\/\/api.w.org\/{rel}","templated":true}]}}

História

<p><iframe loading="lazy" src="https://docs.google.com/file/d/0B9BvveBcfxnKbGZTUHZoLUlMNjA/preview" width="640" height="385"></iframe></p>
<p>O Corpo de Bombeiros é formado após a fundação da Associação a 06 de Janeiro de 1960, a primeira Escola de Bombeiros é formada por 22 Jovens Vale-Cambrenses, e para a qual veio o Instrutor Chefe Guilherme, dos Bombeiros de Oliveira de Azemeis, para dar instrução ao futuro corpo de Bombeiros de Vale de Cambra.</p>
<p>Em 1960 tem como seu 1º Comandante o Dr. Armindo Ferreira Matos, o mesmo comandou o Corpo de Bombeiros até ao ano de 1972, após a sua morte é nomeado para comandante o Dr. Antonio Jose Tavares Prado e Castro, que se manteve em funções até ao ano de 1973, pois o mesmo encontrava se em regime de substituição.</p>
<p>Nesse ano de 1973 é nomeado para comandante o Comandante Armindo da Silva Ferreira de Matos, mantendo se sozinho no Comando do Corpo de Bombeiros, até que em 1977 é nomeado para seu ajudante o José Augusto de Almeida, Sub- Chefe do Corpo de Bombeiros e Homem que foi da Primeira Escola.<br />
Esta equipa de comando manteve se até 1985, ano em que é nomeado para 2º Comandante Virgílio Nabais da Cunha, motorista que era do Quadro Auxiliar, passando o Comando a contar com 3 Elementos, Comandante, 2º Comandante e ajudante do Comando.</p>
<p><img loading="lazy" class="alignnone size-full wp-image-142" alt="historia" src="http://www.joaomiller.com/bombeiros/wp-content/uploads/2013/04/historia1.jpg" width="600" height="373" srcset="http://www.bombeirosvaledecambra.pt/wp-content/uploads/2013/04/historia1.jpg 768w, http://www.bombeirosvaledecambra.pt/wp-content/uploads/2013/04/historia1-300x187.jpg 300w" sizes="(max-width: 600px) 100vw, 600px" /></p>
<p>Comando que se manteve até ao ano de 1990, saindo o Comandante Armindo da Silva Ferreira de Matos e sendo nomeado para Comandante Virgílio Navais da Cunha o 2º Comandante José Augusto de Almeida e para Ajudante Augusto de Almeida Ferreira, Chefe do Quadro Ativo do Corpo de Bombeiros.</p>
<p>Em 1995 com a saída do Comandante Virgílio Nabais da Cunha é nomeado de novo o Comandante Armindo da Silva Ferreira de Matos para os destinos do Corpo de Bombeiros de Vale de Cambra, este manteve se em funções até ao ano de 1997.</p>
<p>Apos a sua morte, é nomeado o Comandante Armando Barbosa de Almeida, Bombeiro de 2º Classe, que era do Corpo Ativo tendo como 2ª Comandante José augusto de Almeida e o Ajudante Augusto de Almeida Ferreira, Comando que liderou os destinos até ao ano de 2001.<br />
Nesse ano com as alterações introduzidas pelo Serviço Nacional de Bombeiros, o Comando passa a contar com 4 elementos mantendo se o Comandante Armando Barbosa de Almeida o 2º Comandante José Augusto de Almeida e sendo nomeados para Adjuntos do Comando o Bombeiro de 1ª Classe Victor Manuel Machado Ferreira e o Bombeiro de 2º Classe Filipe José Gomes de Aguiar.</p>
<p>Comando que em 2009, com a saída do Comandante Armando Barbosa de Almeida e a passagem do 2º Comandante ao Quadro de Honra, é nomeado o Comando atual, sendo o Comandante Victor Manuel Machado Ferreira o 2º Comandante Filipe José Gomes de Aguiar e os Adjuntos do Comando Paulo Rui Almeida Gonçalves, Bombeiro de 1ª Classe e Filipe Nuno dos Santos Martins Bombeiro de 2ª Classe deste Corpo de Bombeiros.</p>

<p>O Corpo de Bombeiros é formado após a fundação da Associação a 06 de Janeiro de 1960, a primeira Escola de Bombeiros é formada por 22 Jovens Vale-Cambrenses, e para a qual veio o Instrutor Chefe Guilherme, dos Bombeiros de Oliveira de Azemeis, para dar instrução ao futuro corpo de Bombeiros de Vale de Cambra. [&hellip;]</p>
