{"id":48,"date":"2013-04-09T09:37:50","date_gmt":"2013-04-09T09:37:50","guid":{"rendered":"http:\/\/localhost\/bombeiros\/?page_id=48"},"modified":"2022-07-29T16:09:32","modified_gmt":"2022-07-29T16:09:32","slug":"orgaos-sociais","status":"publish","type":"page","link":"http:\/\/www.bombeirosvaledecambra.pt\/?page_id=48","title":{"rendered":"Org\u00e3os Sociais"},"content":{"rendered":"<p style=\"text-align: center;\"><strong>\u00d3RG\u00c3OS SOCIAIS AHBVVC \u2013 Tri\u00e9nio 2022 a 2024<\/strong><\/p>\n<p><span style=\"text-decoration: underline;\"><strong>ASSEMBLEIA GERAL<\/strong><\/span><\/p>\n<p><strong>Presidente:\u00a0<\/strong><\/p>\n<ul>\n<li>\u00c2ngela Maria de Almeida Matos Gomes<\/li>\n<\/ul>\n<p><strong>Vice-Presidente: <\/strong><\/p>\n<ul>\n<li>Samuel Aguiar Quental<\/li>\n<\/ul>\n<p><strong>Secret\u00e1rio:<\/strong><\/p>\n<ul>\n<li>Paulo Jorge Ferreira do Carmo<\/li>\n<\/ul>\n<p><strong>Suplentes:<\/strong><\/p>\n<ul>\n<li>Ana Catarina Almeida Coelho<\/li>\n<li>Ant\u00f3nio Augusto de Pinho Soares de Almeida<\/li>\n<\/ul>\n<p><span style=\"text-decoration: underline;\"><strong>DIRE\u00c7\u00c3O<\/strong><\/span><\/p>\n<p><strong>Presidente<\/strong>:<\/p>\n<ul>\n<li>Jos\u00e9 Miguel de Vasconcelos Aguiar Soares<\/li>\n<\/ul>\n<p><strong>Vice-Presidente:<\/strong><\/p>\n<ul>\n<li>Jorge Tiago Rodrigues Leite de Pinho<\/li>\n<\/ul>\n<p><strong>1\u00ba Secret\u00e1rio:<\/strong><\/p>\n<ul>\n<li>Jos\u00e9 Martins de Oliveira Coelho<\/li>\n<\/ul>\n<p><strong>2\u00ba Secret\u00e1rio:<\/strong><\/p>\n<ul>\n<li>Nuno Filipe Mendes Pinho da Cruz<\/li>\n<\/ul>\n<p><strong>Tesoureiro:<\/strong><\/p>\n<ul>\n<li>Ant\u00f3nio Alberto de Almeida Matos Gomes<\/li>\n<\/ul>\n<p><strong>Vogais:<\/strong><\/p>\n<ul>\n<li>Jos\u00e9 Carlos de Bastos Roque<\/li>\n<li>Rui Pedro Oliveira de Sousa<\/li>\n<\/ul>\n<p><strong>Suplentes:<\/strong><\/p>\n<ul>\n<li>Ricardo Manuel dos Santos Tavares<\/li>\n<li>Ant\u00f3nio Manuel Almeida Pinho<\/li>\n<li>Diana Margarida Almeida Pinho<\/li>\n<\/ul>\n<p><span style=\"text-decoration: underline;\"><strong>CONSELHO FISCAL<\/strong><\/span><\/p>\n<p><strong>Presidente:<\/strong><\/p>\n<ul>\n<li>Miguel \u00c2ngelo Soares Barbosa<\/li>\n<\/ul>\n<p><strong>Vice-Presidente<\/strong><\/p>\n<ul>\n<li>Helder Bruno Ara\u00fajo Fernandes<\/li>\n<\/ul>\n<p><strong>Secret\u00e1rio Relator:<\/strong><\/p>\n<ul>\n<li>Rui Manuel de Sousa Quental<\/li>\n<\/ul>\n<p><strong>Suplentes:<\/strong><\/p>\n<ul>\n<li>Ivo Duarte Rodrigues Almeida<\/li>\n<li>Ant\u00f3nio Manuel de Moura Ferreira de Matos<\/li>\n<\/ul>\n","protected":false},"excerpt":{"rendered":"<p>\u00d3RG\u00c3OS SOCIAIS AHBVVC \u2013 Tri\u00e9nio 2022 a 2024 ASSEMBLEIA GERAL Presidente:\u00a0 \u00c2ngela Maria de Almeida Matos Gomes Vice-Presidente: Samuel Aguiar Quental Secret\u00e1rio: Paulo Jorge Ferreira do Carmo Suplentes: Ana Catarina Almeida Coelho Ant\u00f3nio Augusto de Pinho Soares de Almeida DIRE\u00c7\u00c3O Presidente: Jos\u00e9 Miguel de Vasconcelos Aguiar Soares Vice-Presidente: Jorge Tiago Rodrigues Leite de Pinho 1\u00ba [&hellip;]<\/p>\n","protected":false},"author":4,"featured_media":0,"parent":0,"menu_order":0,"comment_status":"open","ping_status":"open","template":"","meta":[],"_links":{"self":[{"href":"http:\/\/www.bombeirosvaledecambra.pt\/index.php?rest_route=\/wp\/v2\/pages\/48"}],"collection":[{"href":"http:\/\/www.bombeirosvaledecambra.pt\/index.php?rest_route=\/wp\/v2\/pages"}],"about":[{"href":"http:\/\/www.bombeirosvaledecambra.pt\/index.php?rest_route=\/wp\/v2\/types\/page"}],"author":[{"embeddable":true,"href":"http:\/\/www.bombeirosvaledecambra.pt\/index.php?rest_route=\/wp\/v2\/users\/4"}],"replies":[{"embeddable":true,"href":"http:\/\/www.bombeirosvaledecambra.pt\/index.php?rest_route=%2Fwp%2Fv2%2Fcomments&post=48"}],"version-history":[{"count":5,"href":"http:\/\/www.bombeirosvaledecambra.pt\/index.php?rest_route=\/wp\/v2\/pages\/48\/revisions"}],"predecessor-version":[{"id":1103,"href":"http:\/\/www.bombeirosvaledecambra.pt\/index.php?rest_route=\/wp\/v2\/pages\/48\/revisions\/1103"}],"wp:attachment":[{"href":"http:\/\/www.bombeirosvaledecambra.pt\/index.php?rest_route=%2Fwp%2Fv2%2Fmedia&parent=48"}],"curies":[{"name":"wp","href":"https:\/\/api.w.org\/{rel}","templated":true}]}}

Orgãos Sociais

<p style="text-align: center;"><strong>ÓRGÃOS SOCIAIS AHBVVC – Triénio 2022 a 2024</strong></p>
<p><span style="text-decoration: underline;"><strong>ASSEMBLEIA GERAL</strong></span></p>
<p><strong>Presidente: </strong></p>
<ul>
<li>Ângela Maria de Almeida Matos Gomes</li>
</ul>
<p><strong>Vice-Presidente: </strong></p>
<ul>
<li>Samuel Aguiar Quental</li>
</ul>
<p><strong>Secretário:</strong></p>
<ul>
<li>Paulo Jorge Ferreira do Carmo</li>
</ul>
<p><strong>Suplentes:</strong></p>
<ul>
<li>Ana Catarina Almeida Coelho</li>
<li>António Augusto de Pinho Soares de Almeida</li>
</ul>
<p><span style="text-decoration: underline;"><strong>DIREÇÃO</strong></span></p>
<p><strong>Presidente</strong>:</p>
<ul>
<li>José Miguel de Vasconcelos Aguiar Soares</li>
</ul>
<p><strong>Vice-Presidente:</strong></p>
<ul>
<li>Jorge Tiago Rodrigues Leite de Pinho</li>
</ul>
<p><strong>1º Secretário:</strong></p>
<ul>
<li>José Martins de Oliveira Coelho</li>
</ul>
<p><strong>2º Secretário:</strong></p>
<ul>
<li>Nuno Filipe Mendes Pinho da Cruz</li>
</ul>
<p><strong>Tesoureiro:</strong></p>
<ul>
<li>António Alberto de Almeida Matos Gomes</li>
</ul>
<p><strong>Vogais:</strong></p>
<ul>
<li>José Carlos de Bastos Roque</li>
<li>Rui Pedro Oliveira de Sousa</li>
</ul>
<p><strong>Suplentes:</strong></p>
<ul>
<li>Ricardo Manuel dos Santos Tavares</li>
<li>António Manuel Almeida Pinho</li>
<li>Diana Margarida Almeida Pinho</li>
</ul>
<p><span style="text-decoration: underline;"><strong>CONSELHO FISCAL</strong></span></p>
<p><strong>Presidente:</strong></p>
<ul>
<li>Miguel Ângelo Soares Barbosa</li>
</ul>
<p><strong>Vice-Presidente</strong></p>
<ul>
<li>Helder Bruno Araújo Fernandes</li>
</ul>
<p><strong>Secretário Relator:</strong></p>
<ul>
<li>Rui Manuel de Sousa Quental</li>
</ul>
<p><strong>Suplentes:</strong></p>
<ul>
<li>Ivo Duarte Rodrigues Almeida</li>
<li>António Manuel de Moura Ferreira de Matos</li>
</ul>

<p>ÓRGÃOS SOCIAIS AHBVVC – Triénio 2022 a 2024 ASSEMBLEIA GERAL Presidente:  Ângela Maria de Almeida Matos Gomes Vice-Presidente: Samuel Aguiar Quental Secretário: Paulo Jorge Ferreira do Carmo Suplentes: Ana Catarina Almeida Coelho António Augusto de Pinho Soares de Almeida DIREÇÃO Presidente: José Miguel de Vasconcelos Aguiar Soares Vice-Presidente: Jorge Tiago Rodrigues Leite de Pinho 1º [&hellip;]</p>
